hat is the units digit of v?
1
Let d = 39 - 37. What is the units digit of d?
2
What is the tens digit of 6/(-21) - 3508/(-28) - 2?
2
Suppose 3*w + 2*r + r = -132, -w - 50 = -5*r. What is the tens digit of (702/w)/((-3)/10)?
5
Let k(d) = 4*d**2 + 5*d + 3. What is the tens digit of k(-3)?
2
Let v be (-2)/15 - (-704)/(-120). Let h(s) = -s**2 - 10*s - 7. What is the tens digit of h(v)?
1
Let d = -30 - -72. What is the tens digit of d?
4
Let i = 33 - -17. What is the units digit of i?
0
Let g = 28 - 16. Suppose -v = -g + 2. What is the units digit of (-28)/6*(-15)/v?
7
Let t(p) = 8*p - 3. Let b be t(3). Suppose 2*c - b = -5. What is the units digit of c?
8
Suppose -5*u = 2*v - 7*v + 380, u = 3*v - 238. What is the tens digit of v?
8
Let s be 5/(-1*(-2 + 1)). Suppose -s*j + 15 - 5 = 0. Suppose 0 = j*y + 12 - 42. What is the units digit of y?
5
What is the tens digit of (-2)/(-3)*3/4*140?
7
Let c(j) = -j - 2. Let t be c(-6). Suppose 4*k + 4*u = -0*u - 12, 26 = 3*k - 4*u. Suppose 56 = -2*h + 6*h - t*s, -k*h = s - 13. What is the units digit of h?
9
Let s(z) = -z**3 - 4*z**2 - 2. Let q be s(-5). Let i = q - 12. What is the tens digit of i?
1
Suppose -2*x - 9 - 43 = 2*p, -5*x + 38 = -3*p. Let t be (p/(-14))/((-2)/4). What is the units digit of (-5 - t)/(6/(-9))?
3
Let q(y) = y**2 + 3*y - 13. Let c be q(-6). Suppose m = s + 28, 2*s - 168 = -c*m - 42. What is the tens digit of m?
2
Let x(k) = -3*k - 7. Let r(q) = q**3 + 2*q + 3. Let y be r(-2). What is the units digit of x(y)?
0
Let i be 4/(-8) - 1/(-2). Let u(k) = -2 + i*k**2 + 2*k**2 - 3*k**2 + 3*k + 5*k. What is the tens digit of u(6)?
1
Let r be (-24)/(-18) + (-4)/(-6). Suppose -5*l + f = -2*f - 149, -50 = -r*l - 2*f. Suppose -3*n = -8 - l. What is the units digit of n?
2
Suppose 2*g - 10 = 2*d, -3*g = g + d - 5. Let k(r) = -1 + 4*r**g + 1 + r**3 + 1 + 3*r. What is the units digit of k(-3)?
1
Let w = -44 - -80. What is the tens digit of w?
3
Let o(g) = g**3 - 2*g**2 + 8*g - 15. What is the tens digit of o(5)?
0
Suppose a + 2*z + 0 = 4, 4*z - 20 = 0. Let n = a + 9. Suppose 5*l - n*s - 66 = -0*s, -38 = -4*l - 5*s. What is the units digit of l?
2
Suppose j - 4*x + 6 = 0, -2*x = -4 - 2. Let k be 1/((-1)/(1 - -2)). Let l = k + j. What is the units digit of l?
3
Let k(n) = -n + 17. Let d be k(12). Suppose 4*p + 19 = d*p. What is the units digit of p?
9
Let j = 8 + -5. Suppose -j*q = -5*q + 14. What is the units digit of q?
7
Let u be (-3)/6*11*-2. Let b(f) = f**2 - 11*f + 2. What is the units digit of b(u)?
2
Let j(c) = c**3 - 2*c**2 - 15*c + 9. What is the units digit of j(6)?
3
Suppose 13*w = 18*w - 435. What is the units digit of w?
7
Let b(i) = i**2 + 6*i - 10. Suppose t - 13 = q, 5*q + 3*t + 22 + 11 = 0. Let r be b(q). Suppose 0 = f - 0*f - r. What is the tens digit of f?
1
Let h(l) be the third derivative of -l**5/60 + 7*l**4/24 + l**3/2 + 3*l**2. What is the units digit of h(5)?
3
Let h be 16/6*(-18)/(-8). Suppose -a = -2 + 12. What is the units digit of a/(-3) - h/(-9)?
4
Suppose l - 23 - 54 = 0. What is the tens digit of l?
7
Let r = 31 + -46. Let q = r + 27. What is the units digit of q?
2
What is the tens digit of 298*((-36)/(-8) - 4)?
4
Suppose -4*t - 3 = -7*t. Suppose -2*m = -29 + t. What is the tens digit of m?
1
Let v(d) be the first derivative of -d**4/4 - 5*d**3/3 + 2*d**2 - 8*d - 1. Let b be v(-6). Let u = 10 - b. What is the units digit of u?
6
Let d(q) = 30*q**3 + 2*q**2 + q - 2. Let a be -4 + (6/2 - -2). What is the units digit of d(a)?
1
Let o(r) = r**2 - 5*r + 6. Let m be o(5). Let a(g) = -g + m + 7 + 0. What is the units digit of a(9)?
4
Suppose -4*b + 4*n - 100 = 0, 4*n + 95 = -3*b + 2*n. Let y = b - -60. What is the units digit of y?
1
Let g = 17 - 15. What is the units digit of g?
2
Let c(w) = -2*w + 3. Suppose 2*k + 13 = -3. What is the units digit of c(k)?
9
Let n(w) = 14*w**2 + 6*w + 9. What is the hundreds digit of n(-3)?
1
Let q(v) = 36*v - 1. What is the units digit of q(1)?
5
Let k = -4 + 1. Let f = -11 - -15. What is the units digit of (-4)/(f/k) + 3?
6
Let g = 18 + -14. Suppose 5*h - 10 - 76 = -2*t, -g*t = 4*h - 64. What is the tens digit of h?
1
Let v(p) = -p + 5. Let k be v(7). Suppose 3*y = -2*n + 7 + 24, y = -2*n + 5. Let f = k + y. What is the tens digit of f?
1
Let v(n) = -n**3 + 5*n**2 + n + 1. Let w be 1/(1/(-10)*-2). Let o be v(w). Suppose -o = 3*j - 4*k, -j - 5*k + 14 = -k. What is the units digit of j?
2
Suppose -z + 4*x = -4, z + 1 = -0*x - x. Suppose 0 = 3*b - z*b - 36. What is the units digit of b - 2*1/(-2)?
3
Let f(o) = 27*o - 18. What is the hundreds digit of f(7)?
1
Suppose 34 = -2*a + 420. What is the hundreds digit of a?
1
Let k(w) = w + 2. Let q be k(8). Suppose -6*v - 80 = -q*v. What is the units digit of v?
0
Suppose -86 = -3*z + 2*y - 4*y, -y + 123 = 4*z. Suppose 4*n - z = -u, -2*n = -2*u + 86 + 28. What is the units digit of u/14 + 8/28?
4
Let m(k) = 13*k - 6. Let s be m(4). Let c = s - 28. What is the units digit of 8/(-36) - (-58)/c?
3
Suppose 432 = -q + 9*q. What is the tens digit of q?
5
Let s = -6 - 4. Let o = -8 - s. What is the units digit of (2 - -2)*o/4?
2
Let p = -3 - -5. What is the units digit of 15*(0 + p)/6?
5
Suppose 4*u - 3*x - 177 = 0, 2*u = -2*x + 89 - 11. What is the tens digit of u?
4
Let z = -746 + 1097. What is the units digit of 2/3*z/9?
6
Let x be (2 + -1)/(2/(-8)). Let l(r) = -2 - r**2 - 4*r + 3 + 2. What is the units digit of l(x)?
3
Suppose -5*m - 9 + 84 = 0. What is the units digit of m?
5
Let m = 3 - 0. Let x(w) = 8*w + 3*w**3 - 2*w - w**m - w**3 + 9*w**2 - 5. What is the units digit of x(-8)?
1
Let i = 9 + -2. Let y(f) = 6*f**2 + f - f - 10 + f**3 + 10*f - 2*f**3. What is the units digit of y(i)?
1
What is the units digit of (-8)/(((-35)/(-20))/(-7))?
2
Let t(f) be the second derivative of -f**3/6 + 19*f**2/2 - 3*f. What is the units digit of t(10)?
9
Suppose 5*t - 58 + 18 = 0. Let c(x) = 3*x - 16. Let j be c(8). Let n = j + t. What is the tens digit of n?
1
Suppose 3*a - 15 = 0, f + 4*a + 0 = 66. What is the units digit of f?
6
Let j(k) = 2*k + 2. Let q be j(-3). Let p(x) = -x**2 - 3*x + 1. Let s be p(q). What is the units digit of ((-36)/(-8))/(s/(-4))?
6
Let n(q) = q**2 + 17*q + 44. What is the units digit of n(-14)?
2
Suppose 0*q - 124 = -4*q. Suppose -2*i = -q - 3. What is the tens digit of i?
1
Suppose 0 = 2*j + j - 5*r - 66, -4*j - r + 111 = 0. Suppose 6 = -u - 2*m, 2*u - 3*m = -u + j. What is the units digit of u?
4
Let t(p) = 10*p**2 + 3*p + 2. Suppose 0 = -3*h - 12, 2*h + 3*h + 12 = 4*r. Let b be t(r). Suppose 19 + b = 5*w. What is the tens digit of w?
1
Suppose 4*s - 5*z - 20 + 2 = 0, 5*s + 3*z - 4 = 0. Suppose 0 = -2*l + 8, -2 = s*x - 5*l - 4. What is the tens digit of x?
1
Let b = 52 - -18. What is the tens digit of b?
7
Let i = 23 - 19. Suppose -s + 18 = -4*g, -i*g - 75 = -3*s + g. What is the tens digit of s?
3
Let f = -143 + 309. Suppose 5*k - f = 19. What is the units digit of k?
7
What is the units digit of (12/15)/(4/30)?
6
Let o = 16 + -5. What is the tens digit of o?
1
Let a(l) = 2*l + 8. What is the tens digit of a(10)?
2
Suppose -w + 4 = 8. What is the units digit of 4*((-34)/w - 2)?
6
Suppose -i - 2*c + c = -9, -3*c + 19 = 2*i. What is the units digit of i?
8
Let x(i) = 2*i**2 + 4*i + 2. Suppose 3*f - 8 = 10. Let b be f/(-3) - 2 - -2. What is the units digit of x(b)?
2
What is the units digit of (43 + -41)*(1 - 1*-31)?
4
Let h = 8 + 32. Let x = h - 1. What is the units digit of x?
9
Let t(u) = u**3 - 6*u**2 - 3*u + 6. Let y(v) = v. Let k(p) = t(p) - 4*y(p). Let m be k(7). Suppose -m*w + 2*w = -12. What is the units digit of w?
3
Let q(x) = -x**3 - 4*x**2 - x + 8. Let t(i) = i**3 + 3*i**2 + i - 7. Let a(k) = 3*q(k) + 4*t(k). Let n be a(0). What is the units digit of (-19)/(-4) + (-1)/n?
5
Let f(t) = t**2 + 9*t + 4. Let u be f(-11). Suppose -5*i = -u - 14. What is the units digit of (1 + 1)*4/i?
1
Let c = -29 - -170. What is the tens digit of c?
4
Let i = -4 - -7. Let x = 4 + i. What is the units digit of x?
7
Let l(z) = 11*z**2 - 15*z - 14. Let c(o) = -5*o**2 + 7*o + 7. Let a(w) = 13*c(w) + 6*l(w). What is the tens digit of a(-5)?
2
Let q = 11 + -8. Let j(v) = 5*v**2 - 1. Let z be j(-1). Suppose -z*m + q*a = -20, -3*m - 2 = -2*a + 4*a. What is the units digit of m?
2
Suppose 3*l - 92 = 37.